 -44. Let v be f(t). Suppose 4*h = 3*m - v, 5*m - 7357 = h - 3*h. Is m composite?
True
Suppose 0 = 10*j - 17*j + 165732. Suppose g - j = -11*g. Is g a composite number?
False
Suppose 129*k - 1106666 - 15255 = 10540582. Is k composite?
False
Let p(o) = 35587*o**2 + 46*o + 74. Is p(-3) a prime number?
True
Let p(x) = -2*x + x**2 + 19*x**3 - 18*x**3 - x + 423 + 0*x. Let a be p(0). Suppose -2*k - h - 4*h + 207 = 0, 4*k + h - a = 0. Is k composite?
True
Suppose -24*y = -223016 - 484336. Is y a composite number?
False
Let f = -2048 - -6571. Suppose 0 = -2*n + f + 111. Is n a composite number?
True
Suppose -z - 27*z - 8*z + 26013996 = 0. Is z a prime number?
True
Suppose 0 = 7*z + 28, 0 = -4*p - 3*z - 304470 + 926054. Is p prime?
True
Suppose 84*l - 441745 = 169*l - 90*l. Is l composite?
True
Suppose 3*w = -3*b + b - 47, 0 = -2*w - 10. Is -1693*(-28)/b*-4 a composite number?
True
Suppose 0 = 2*p + o - 5334, 3*p + 3*o - 1125 = 6873. Suppose 0 = 4*d + 3*q - 2668, -2*d - 2*d + p = 5*q. Is d composite?
True
Let u(p) = -2*p**2 + 20*p + 25. Let d be u(11). Is (-12)/6 - d - -1366 a prime number?
True
Let t(d) = -20*d**2 + 5*d - 3. Let j be t(1). Let r be -2 - 9/(j/244). Suppose 7185 = 3*b - r. Is b prime?
False
Let r = -18 + 41. Suppose -24 = 4*o + 3*v + r, -4 = 3*o - 4*v. Is 1052/o*1*-4*1 a prime number?
False
Suppose 0*z = z - 2. Suppose 12 = 4*f, -4*n + 2075 = z*f - 447. Is n prime?
False
Let r(w) = -3*w + 5. Suppose -5 = 6*k - k. Let l be r(k). Is ((-1220)/l + -3)/(2/(-12)) composite?
True
Let o = 802 + -801. Let p(z) = 10578*z**3 - z**2 + z - 1. Is p(o) a prime number?
False
Let u be (-6)/(-5)*(-40)/(-6). Let y(q) = 265 - 137 - 5*q**2 + 2*q**3 - 129. Is y(u) a composite number?
True
Let u(t) = 2*t**2 + t. Let j be u(1). Let w(d) = 2 + d**j - 11 - d - 4 - d**2 + 11*d**2. Is w(-9) a prime number?
False
Is -2 + 117382/1 - (26 - 35) prime?
True
Let q = -19059 + 32148. Is q a composite number?
True
Suppose -30183 = 2*m - 86957. Is m composite?
False
Let a(x) be the first derivative of x**4/4 - x**2/2 + 673*x + 18. Let p be a(0). Suppose 2*s = p + 381. Is s a composite number?
True
Suppose -208 = 7*u + 226. Let h = u - -64. Suppose 2707 = 3*k + 4*q - 2992, k = h*q + 1903. Is k a composite number?
False
Let x = -5832 + 7943. Is x a prime number?
True
Let x = 822 + -124. Suppose 3*c = t + 2863, -2*c + 1228 = -5*t - x. Is c a composite number?
False
Suppose -32 = -3*o - 4*f, o + 3*o = 2*f + 6. Suppose 4*i - o = 0, -4*d + 3*i = d - 2222. Is d a composite number?
True
Let i = 821 - -22130. Is i prime?
False
Let j(x) = 2*x + 31. Let m be j(-13). Suppose 5*c + 3*q - 25 = 0, -c - m*q + 16 = -11. Suppose 2*f - 817 = -3*f - 3*y, c*f - 2*y - 314 = 0. Is f a prime number?
False
Let a(r) = -173*r - 12. Suppose 0 = -6*z - 4*z + 310. Suppose -4 = z*f - 27*f. Is a(f) composite?
True
Suppose 4*w = z + 101, -4*z + 5*w - 4*w = 374. Let h = 100 + z. Suppose h*n - 2949 = 4*n. Is n a composite number?
False
Let c = -27 - 9. Let i be ((-23)/((-230)/c))/(2/(-1150)). Suppose -5*b = 2*u - i - 8800, 2*u = 0. Is b prime?
False
Let f(l) = 2*l**3 - 13*l**2 - 13*l - 35. Let k = -204 - -314. Let s = k + -99. Is f(s) a composite number?
False
Let t = -2688 + 5733. Suppose -57613 = -5*f - 3*g, -10736 = -f - 3*g + 789. Suppose -t = 7*a - f. Is a composite?
True
Let g be -4*(1 - 0) + 5 + 412. Let s = -75 - g. Let h = 1357 + s. Is h a prime number?
False
Let q be (-2)/(-8) - (-132)/48. Suppose -q*k + 20 = 2*k. Suppose 3*f - 15 = -0*f, -v + k*f = -489. Is v prime?
True
Suppose -h - b + 10774 = 0, 16216 = h - 2*b + 5451. Is h composite?
False
Suppose -4*m + 171346 = -5*i + 35115, -4*m = -4*i - 136232. Is m prime?
False
Let u = 3697 + -1448. Let l = u + -1132. Is l a composite number?
False
Suppose -9 - 7 = -8*f. Suppose 1087 = d + f*v - 112, 0 = -d - 4*v + 1207. Is d a composite number?
True
Suppose l = 2*o + 5*l - 1640, -3*l - 4113 = -5*o. Let m(h) = -40*h - 53. Let s be m(9). Let p = s + o. Is p prime?
True
Let a = -61118 - -460519. Is a a prime number?
True
Let o(u) = 556*u + 6. Let p = -11 - -14. Suppose 0 = -4*d + p + 1. Is o(d) composite?
True
Suppose 0 = y - 6*y + 15, -5*i + 9 = -2*y. Suppose i*c - 27 = -4*j + j, c + 4*j + 3 = 0. Let g(v) = 2*v**3 - 11*v**2 + 6*v + 20. Is g(c) composite?
False
Let j = 4348 - -3750. Suppose 99*f + j = 101*f. Is f prime?
True
Suppose -126 = 4*f + 1282. Let s = 129 + 490. Let w = f + s. Is w composite?
True
Suppose 10603224 + 6870436 + 24884295 = 197*f. Is f a composite number?
True
Let c be ((4/(-6))/2)/(2/(-36)). Suppose 0 = c*o - 27*o + 24906. Is o prime?
False
Let u(z) = -22182*z - 967. Is u(-7) a prime number?
False
Let v(n) = 37*n**2 - 73*n + 153. Is v(31) prime?
False
Suppose 0 = -0*m + 2*m - 4, -4*l + 3*m = 82. Let x(y) = -y**3 - 18*y**2 - 28*y - 8. Let c be x(l). Suppose 0 = -14*w + 17*w - c. Is w a prime number?
False
Let o(q) = 44*q + 5. Let j(h) = 8*h**2 + 1. Let z be j(1). Let i be o(z). Suppose i = 6*a - 5*a. Is a a prime number?
True
Is ((-3035523)/801)/(1 - (-8)/(-6)) composite?
False
Let q = -3559 + 27018. Is q a prime number?
True
Let o = 63 + -57. Suppose -o + 12 = 3*g. Is -3 + 17415/10 - g/(-4) prime?
False
Let j be ((-1)/(-2))/((-9)/540*-10). Suppose 2*p = j*l - 53365, 0 = -2*l + 6*p - 4*p + 35580. Is l prime?
False
Let s = 221436 + -82243. Is s a composite number?
True
Let r(d) = 299*d**2 - 18*d + 14. Let b(s) = 99*s**2 - 7*s + 5. Let z(i) = -11*b(i) + 4*r(i). Let a be ((-4)/(-10))/((-2)/10). Is z(a) prime?
True
Let k = 104107 - 47558. Is k composite?
True
Let r(w) = -11067*w - 238. Let j(u) = 233*u + 5. Let n(q) = -238*j(q) - 5*r(q). Suppose -2*s + 18 = -4*d, -3*s + d - 28 = 6*d. Is n(s) prime?
False
Suppose 0 = 4*o - 90 - 178. Let g = o + -65. Suppose -g*s + s = -319. Is s prime?
False
Let g(d) = -2330*d + 4339. Is g(-86) prime?
True
Let u be (-3 - -3) + 0/11. Suppose 0 = g - 3*t - 4092, -t - 11971 + 3807 = -2*g. Suppose 10*j - 4350 - g = u. Is j a prime number?
False
Suppose k = -a + 24, 5*k + 48 = 7*k - 4*a. Suppose -q - k = -2*j, -2*q + 2 + 0 = j. Is ((-189470)/18)/(-5) + j/(-45) a composite number?
True
Let f be ((-3723)/6)/(2/(-20)) - -3. Let o = f + -4371. Is o prime?
False
Let j = -10264 - -50103. Suppose 3*k = 2*d - 7*d + j, 0 = -2*k - 5*d + 26556. Is k a composite number?
True
Let h = 16615 - -4710. Suppose 12795 = 3*x - 3*j, -5*x - j - 3*j + h = 0. Is x a prime number?
False
Suppose 2*c + 10 = c - 3*k, -2*k = 4*c + 40. Let d be (6/(-8))/(c/(-80)). Let l(n) = 9*n**2 + 3*n - 13. Is l(d) a prime number?
True
Let o be -1 - -1 - (9 - 14). Is ((-144)/28 + o)*-78239 a prime number?
True
Suppose -5*c + 60 = -65. Suppose -5*l = -15 - c. Is ((-4)/l)/(3/(-1002)) prime?
True
Let f(i) = -2*i + 6. Let o be f(-3). Let q be (o - 11)/((1/4)/1). Suppose q*s = -0*s + 484. Is s composite?
True
Let c(p) = -2*p**3 - 84*p**2 + 115*p - 139. Is c(-62) composite?
True
Suppose -14*s = -8*s + 129810. Is (-1)/(-20)*-4*s composite?
False
Let z(n) = 33*n**2 + 13 - n + 93 - 25 + 18*n. Is z(-20) prime?
True
Suppose 25*c + 86 - 11 = 0. Is (c + 13)/5 + 1872 prime?
False
Let p = -870 - -2623. Let l = p - 776. Is l a composite number?
False
Let d be (12/45)/(1/(-3))*20. Let z be (2 + 84)*24/d. Let o = -90 - z. Is o composite?
True
Let k(d) = 3963*d**2 + 10*d - 19. Let g be k(3). Suppose g - 2631 = 7*r. Is r prime?
True
Let q be -261 + 0/(-4*(-2)/8). Let d = q - -478. Is d composite?
True
Suppose 5*l + 2*z = 44724 + 31113, -5*l + 75838 = 3*z. Is l a composite number?
True
Let l(p) = 2138*p**2 - 66*p - 13. Is l(6) composite?
True
Suppose -28*s + 3*r = -27*s - 1157, -5*s + 5*r = -5805. Is s composite?
False
Let r be (-1*(-4)/(-8))/((-2)/4). Let b be (201 + 1)*r + 0. Suppose -3*w + 3*x - 4*x = -227, -4*x = -3*w + b. Is w composite?
True
Let r(z) = -z**3 - 2*z**2 - 4*z + 491. Let l be (0*1/(-2))/(44 + -45). Is r(l) prime?
True
Let p be (114/(-95))/(4/(-20190)) - -1. Suppose 4*q + 3*r = 5*r + p, 0 = q - 4*r - 1525. Is q prime?
False
Let b(v) = 32*v**2 + 130*v. Let z be b(-4). Is -3 - (-88)/32 - 76858/z a prime number?
False
Let v(p) = 35*p - 103. Let g be v(3). Suppose -5*m = -2*m + 5*r - 20701, g*r = 3*m - 20729. Is m prime?
True
Suppose -m + 3032 = 7*m. Let z = -252 + m. Suppose 5*f - z = -5*x + 423, 0 = 5*f - x - 580. Is f prime?
False
Suppose 4*a = j + 29432,